{"id":366,"date":"2011-07-28T16:05:12","date_gmt":"2011-07-28T16:05:12","guid":{"rendered":"http:\/\/www.ansia.de\/?page_id=366"},"modified":"2011-09-15T13:24:15","modified_gmt":"2011-09-15T13:24:15","slug":"risiko","status":"publish","type":"page","link":"https:\/\/www.ansia.de\/index.php\/versicherungen\/risiko\/","title":{"rendered":"Risiko"},"content":{"rendered":"<p><img loading=\"lazy\" decoding=\"async\" class=\"size-full wp-image-734 alignnone\" title=\"Risiko\" src=\"https:\/\/www.ansia.de\/wp-content\/uploads\/a_nassestrasse2.jpg\" alt=\"\" width=\"670\" height=\"149\" \/><\/p>\n<p><\/p>\n<p>Eine Risikolebensversicherung ist wohl\u00a0eine der wichtigsten Vorsorgeversicherungen. Mit geringem finanziellen Aufwand k\u00f6nnen durch eine Risikolebensversicherung die Hinterbliebenen finanziell abgesichert werden.<\/p>\n<p><\/p>\n<p>Sehr sinnvoll\u00a0ist ein solcher Vertrag auch zur Absicherung von\u00a0Bau und\u00a0gr\u00f6\u00dferen Konsumentenkrediten.<\/p>\n<p><\/p>\n<div id=\"M192\"><\/p>\n<div id=\"Block0\"><\/p>\n<p>Die Risikolebensversicherung zahlt beim Tod des Versicherten eine vereinbarte Kapitalleistung an den Bezugsberechtigten aus. Die Versicherer bieten die Risikolebensversicherung in zwei Varianten an. Neben der Police f\u00fcr Einzelpersonen gibt es die Variante &#8222;verbundene Leben&#8220;, bei der zwei Partner versichert sind. Stirbt einer der Partner, erh\u00e4lt der andere die vereinbarte Versicherungssumme. Gesch\u00e4ftspartner, die aufeinander angewiesen sind, sollten\u00a0 den Abschluss einer Risikolebensversicherung in Erw\u00e4gung ziehen um den Erhalt der Gesch\u00e4ftsbeziehung durch den Tod eines Partners nicht zu gef\u00e4hrden.Bei jungen Familien ist diese Variante der Risikolebensversicherung durchaus sinnvoll. Schlie\u00dflich tr\u00e4gt auch der f\u00fcr Haushaltsf\u00fchrung und Kindererziehung &#8222;zust\u00e4ndige&#8220; Partner zum Unterhalt der Familie bei.<\/p>\n<p><\/p>\n<p>Bei Risikolebensversicherungen gibt es enorme Preisunterschiede. Das liegt an den unterschiedlichen Risikoeinsch\u00e4tzungen der Gesellschaften. Hier k\u00f6nnen zum Beispiel Familienstand, Schul -und Berufsausbildung, BMI, Raucher oder Nichtraucher, von ganz entscheidender Bedeutung sein.<\/p>\n<p><\/div>\n<p><\/div>\n<p><\/p>\n<p>&nbsp;<\/p>\n","protected":false},"excerpt":{"rendered":"<p>Eine Risikolebensversicherung ist wohl\u00a0eine der wichtigsten Vorsorgeversicherungen. Mit geringem finanziellen Aufwand k\u00f6nnen durch eine Risikolebensversicherung die Hinterbliebenen finanziell abgesichert werden. Sehr sinnvoll\u00a0ist ein solcher Vertrag auch zur Absicherung von\u00a0Bau und\u00a0gr\u00f6\u00dferen Konsumentenkrediten. Die Risikolebensversicherung zahlt beim Tod des Versicherten eine vereinbarte &hellip; <a href=\"https:\/\/www.ansia.de\/index.php\/versicherungen\/risiko\/\">Weiterlesen <span class=\"meta-nav\">&rarr;<\/span><\/a><\/p>\n","protected":false},"author":3,"featured_media":0,"parent":6,"menu_order":88,"comment_status":"closed","ping_status":"closed","template":"","meta":{"footnotes":""},"class_list":["post-366","page","type-page","status-publish","hentry"],"yoast_head":"<!-- This site is optimized with the Yoast SEO plugin v26.4 - https:\/\/yoast.com\/wordpress\/plugins\/seo\/ -->\n<title>Risiko - Ansia<\/title>\n<meta name=\"robots\" content=\"index, follow, max-snippet:-1, max-image-preview:large, max-video-preview:-1\" \/>\n<link rel=\"canonical\" href=\"https:\/\/www.ansia.de\/index.php\/versicherungen\/risiko\/\" \/>\n<meta property=\"og:locale\" content=\"de_DE\" \/>\n<meta property=\"og:type\" content=\"article\" \/>\n<meta property=\"og:title\" content=\"Risiko - Ansia\" \/>\n<meta property=\"og:description\" content=\"Eine Risikolebensversicherung ist wohl\u00a0eine der wichtigsten Vorsorgeversicherungen. Mit geringem finanziellen Aufwand k\u00f6nnen durch eine Risikolebensversicherung die Hinterbliebenen finanziell abgesichert werden. Sehr sinnvoll\u00a0ist ein solcher Vertrag auch zur Absicherung von\u00a0Bau und\u00a0gr\u00f6\u00dferen Konsumentenkrediten. Die Risikolebensversicherung zahlt beim Tod des Versicherten eine vereinbarte &hellip; Weiterlesen &rarr;\" \/>\n<meta property=\"og:url\" content=\"https:\/\/www.ansia.de\/index.php\/versicherungen\/risiko\/\" \/>\n<meta property=\"og:site_name\" content=\"Ansia\" \/>\n<meta property=\"article:modified_time\" content=\"2011-09-15T13:24:15+00:00\" \/>\n<meta property=\"og:image\" content=\"https:\/\/www.ansia.de\/wp-content\/uploads\/a_nassestrasse2.jpg\" \/>\n<meta name=\"twitter:card\" content=\"summary_large_image\" \/>\n<script type=\"application\/ld+json\" class=\"yoast-schema-graph\">{\"@context\":\"https:\/\/schema.org\",\"@graph\":[{\"@type\":\"WebPage\",\"@id\":\"https:\/\/www.ansia.de\/index.php\/versicherungen\/risiko\/\",\"url\":\"https:\/\/www.ansia.de\/index.php\/versicherungen\/risiko\/\",\"name\":\"Risiko - Ansia\",\"isPartOf\":{\"@id\":\"https:\/\/www.ansia.de\/#website\"},\"primaryImageOfPage\":{\"@id\":\"https:\/\/www.ansia.de\/index.php\/versicherungen\/risiko\/#primaryimage\"},\"image\":{\"@id\":\"https:\/\/www.ansia.de\/index.php\/versicherungen\/risiko\/#primaryimage\"},\"thumbnailUrl\":\"https:\/\/www.ansia.de\/wp-content\/uploads\/a_nassestrasse2.jpg\",\"datePublished\":\"2011-07-28T16:05:12+00:00\",\"dateModified\":\"2011-09-15T13:24:15+00:00\",\"breadcrumb\":{\"@id\":\"https:\/\/www.ansia.de\/index.php\/versicherungen\/risiko\/#breadcrumb\"},\"inLanguage\":\"de\",\"potentialAction\":[{\"@type\":\"ReadAction\",\"target\":[\"https:\/\/www.ansia.de\/index.php\/versicherungen\/risiko\/\"]}]},{\"@type\":\"ImageObject\",\"inLanguage\":\"de\",\"@id\":\"https:\/\/www.ansia.de\/index.php\/versicherungen\/risiko\/#primaryimage\",\"url\":\"https:\/\/www.ansia.de\/wp-content\/uploads\/a_nassestrasse2.jpg\",\"contentUrl\":\"https:\/\/www.ansia.de\/wp-content\/uploads\/a_nassestrasse2.jpg\",\"width\":\"670\",\"height\":\"149\"},{\"@type\":\"BreadcrumbList\",\"@id\":\"https:\/\/www.ansia.de\/index.php\/versicherungen\/risiko\/#breadcrumb\",\"itemListElement\":[{\"@type\":\"ListItem\",\"position\":1,\"name\":\"Startseite\",\"item\":\"https:\/\/www.ansia.de\/\"},{\"@type\":\"ListItem\",\"position\":2,\"name\":\"Versicherungen\",\"item\":\"https:\/\/www.ansia.de\/index.php\/versicherungen\/\"},{\"@type\":\"ListItem\",\"position\":3,\"name\":\"Risiko\"}]},{\"@type\":\"WebSite\",\"@id\":\"https:\/\/www.ansia.de\/#website\",\"url\":\"https:\/\/www.ansia.de\/\",\"name\":\"Ansia\",\"description\":\"\",\"potentialAction\":[{\"@type\":\"SearchAction\",\"target\":{\"@type\":\"EntryPoint\",\"urlTemplate\":\"https:\/\/www.ansia.de\/?s={search_term_string}\"},\"query-input\":{\"@type\":\"PropertyValueSpecification\",\"valueRequired\":true,\"valueName\":\"search_term_string\"}}],\"inLanguage\":\"de\"}]}<\/script>\n<!-- \/ Yoast SEO plugin. -->","yoast_head_json":{"title":"Risiko - Ansia","robots":{"index":"index","follow":"follow","max-snippet":"max-snippet:-1","max-image-preview":"max-image-preview:large","max-video-preview":"max-video-preview:-1"},"canonical":"https:\/\/www.ansia.de\/index.php\/versicherungen\/risiko\/","og_locale":"de_DE","og_type":"article","og_title":"Risiko - Ansia","og_description":"Eine Risikolebensversicherung ist wohl\u00a0eine der wichtigsten Vorsorgeversicherungen. Mit geringem finanziellen Aufwand k\u00f6nnen durch eine Risikolebensversicherung die Hinterbliebenen finanziell abgesichert werden. Sehr sinnvoll\u00a0ist ein solcher Vertrag auch zur Absicherung von\u00a0Bau und\u00a0gr\u00f6\u00dferen Konsumentenkrediten. Die Risikolebensversicherung zahlt beim Tod des Versicherten eine vereinbarte &hellip; Weiterlesen &rarr;","og_url":"https:\/\/www.ansia.de\/index.php\/versicherungen\/risiko\/","og_site_name":"Ansia","article_modified_time":"2011-09-15T13:24:15+00:00","og_image":[{"url":"https:\/\/www.ansia.de\/wp-content\/uploads\/a_nassestrasse2.jpg","type":"","width":"","height":""}],"twitter_card":"summary_large_image","schema":{"@context":"https:\/\/schema.org","@graph":[{"@type":"WebPage","@id":"https:\/\/www.ansia.de\/index.php\/versicherungen\/risiko\/","url":"https:\/\/www.ansia.de\/index.php\/versicherungen\/risiko\/","name":"Risiko - Ansia","isPartOf":{"@id":"https:\/\/www.ansia.de\/#website"},"primaryImageOfPage":{"@id":"https:\/\/www.ansia.de\/index.php\/versicherungen\/risiko\/#primaryimage"},"image":{"@id":"https:\/\/www.ansia.de\/index.php\/versicherungen\/risiko\/#primaryimage"},"thumbnailUrl":"https:\/\/www.ansia.de\/wp-content\/uploads\/a_nassestrasse2.jpg","datePublished":"2011-07-28T16:05:12+00:00","dateModified":"2011-09-15T13:24:15+00:00","breadcrumb":{"@id":"https:\/\/www.ansia.de\/index.php\/versicherungen\/risiko\/#breadcrumb"},"inLanguage":"de","potentialAction":[{"@type":"ReadAction","target":["https:\/\/www.ansia.de\/index.php\/versicherungen\/risiko\/"]}]},{"@type":"ImageObject","inLanguage":"de","@id":"https:\/\/www.ansia.de\/index.php\/versicherungen\/risiko\/#primaryimage","url":"https:\/\/www.ansia.de\/wp-content\/uploads\/a_nassestrasse2.jpg","contentUrl":"https:\/\/www.ansia.de\/wp-content\/uploads\/a_nassestrasse2.jpg","width":"670","height":"149"},{"@type":"BreadcrumbList","@id":"https:\/\/www.ansia.de\/index.php\/versicherungen\/risiko\/#breadcrumb","itemListElement":[{"@type":"ListItem","position":1,"name":"Startseite","item":"https:\/\/www.ansia.de\/"},{"@type":"ListItem","position":2,"name":"Versicherungen","item":"https:\/\/www.ansia.de\/index.php\/versicherungen\/"},{"@type":"ListItem","position":3,"name":"Risiko"}]},{"@type":"WebSite","@id":"https:\/\/www.ansia.de\/#website","url":"https:\/\/www.ansia.de\/","name":"Ansia","description":"","potentialAction":[{"@type":"SearchAction","target":{"@type":"EntryPoint","urlTemplate":"https:\/\/www.ansia.de\/?s={search_term_string}"},"query-input":{"@type":"PropertyValueSpecification","valueRequired":true,"valueName":"search_term_string"}}],"inLanguage":"de"}]}},"_links":{"self":[{"href":"https:\/\/www.ansia.de\/index.php\/wp-json\/wp\/v2\/pages\/366","targetHints":{"allow":["GET"]}}],"collection":[{"href":"https:\/\/www.ansia.de\/index.php\/wp-json\/wp\/v2\/pages"}],"about":[{"href":"https:\/\/www.ansia.de\/index.php\/wp-json\/wp\/v2\/types\/page"}],"author":[{"embeddable":true,"href":"https:\/\/www.ansia.de\/index.php\/wp-json\/wp\/v2\/users\/3"}],"replies":[{"embeddable":true,"href":"https:\/\/www.ansia.de\/index.php\/wp-json\/wp\/v2\/comments?post=366"}],"version-history":[{"count":9,"href":"https:\/\/www.ansia.de\/index.php\/wp-json\/wp\/v2\/pages\/366\/revisions"}],"predecessor-version":[{"id":1078,"href":"https:\/\/www.ansia.de\/index.php\/wp-json\/wp\/v2\/pages\/366\/revisions\/1078"}],"up":[{"embeddable":true,"href":"https:\/\/www.ansia.de\/index.php\/wp-json\/wp\/v2\/pages\/6"}],"wp:attachment":[{"href":"https:\/\/www.ansia.de\/index.php\/wp-json\/wp\/v2\/media?parent=366"}],"curies":[{"name":"wp","href":"https:\/\/api.w.org\/{rel}","templated":true}]}}